Let g(d) = -5*d**3 - 23*d + b*d - 2*d**3 - d**2. Give g(-1).
7
Suppose -1121 = 4*b - 3*n, 5*b + 5*n = -0*b - 1375. Let i = -274 - b. Let s(r) = -2*r**2 + 6*r. Determine s(i).
-8
Let n(s) = -14*s**2 + 60*s - 7. Let l be n(4). Let q(y) = -y**2 + 7*y + 20. Give q(l).
2
Let b(w) = -9*w**2 - 5*w + 57. Let s(n) = 5*n**2 + 3*n - 28. Let g(p) = 4*b(p) + 7*s(p). Let a(x) = 246*x**2 - 2482*x + 226. Let r be a(10). Give g(r).
2
Let o(t) = t**2 - 19*t - 74. Let x be o(22). Let a(v) = -v**3 - 8*v**2 - 6*v - 49. Give a(x).
-1
Suppose -4*w = -5*y + 36, 0*w - 5*y - 18 = 2*w. Let b be (1 - -2 - 0)*(-15)/w. Let u(l) = -4 - 2*l + 5*l + l**2 - b*l. What is u(3)?
-1
Let d(r) = -r**2 - 15*r - 9. Suppose 810 - 271 = -49*h. What is d(h)?
35
Suppose -5*z - 4*o = 9 - 19, -5*o = -2*z + 4. Let u(b) = -3*b + 3 - 10*b**3 - b**2 - 31*b**3 - b + 44*b**3. Give u(z).
15
Let y = -18159 - -18148. Let v(r) = -r**2 + 33*r + 478. Give v(y).
-6
Suppose 50 = 3*k + 11. Let d(j) be the third derivative of -j**6/120 + 13*j**5/60 - j**4/24 + j**3 - 304*j**2. Calculate d(k).
-7
Suppose 0 = -4*i + w + 6 + 7, 4*w + 14 = -3*i. Let z(j) = -5*j - j**i - j**2 - 8 + 3*j**2. Let h be ((-33)/(-22))/((-15)/(-70)). Calculate z(h).
6
Let i(o) = -o + 10. Let v = 51 - 41. Let r be 14/(0 + 2) + 4. Suppose 0 = v*y - r*y. Calculate i(y).
10
Let x(v) = v**3 - 3 - 5*v**2 - 4 + 4 + 6 - 7*v. Let b = 83 + -83. Suppose w = -b + 6. Determine x(w).
-3
Let u(f) = -9 - f**3 - 5*f + 5*f + f**2. Suppose 14*p = q - 2, -298 = p + 4*q - 306. What is u(p)?
-9
Let u = 14 + -3. Suppose -4 = -5*w + u. Let c(d) = 0*d - 116 + 108 - w*d. What is c(-6)?
10
Let g be (73 - (-28336)/(-385)) + (76/10 - 1). Let i(r) = -2*r + 0*r + r. Give i(g).
-6
Let i(f) = -f**3 + 9*f**2 + 11*f + 3. Suppose -512 - 224 = -16*z. Suppose 5*m = z + 4. What is i(m)?
13
Let v(x) = -x**2 + 20*x - 10. Let r be v(19). Let d(g) = -2*g + 3 - r + 4. Determine d(-3).
4
Let h(y) = y**2 - 10*y - 2. Let o(d) = -d**3 - 8*d**2 + 4. Let z be o(-8). Let p be (140/21)/(z/6). What is h(p)?
-2
Let c = 7888 - 7897. Let h(x) = -x**3 - 10*x**2 - 12*x - 16. Determine h(c).
11
Let x(j) be the third derivative of -9*j**6/40 - j**5/60 + 18*j**2. Suppose -5*h - 72 = -23*h. Suppose 3 = -2*n + a, 6 = -h*n + a + 1. Give x(n).
26
Let x(u) = -u**2 - 5*u + 1. Suppose 5*r + 26 = -4*b - 34, 0 = 4*r. Let o be ((-6)/b + (-13)/(-5))/(-1). What is x(o)?
7
Let c(u) = -2*u**3 + 12*u**2 + u - 10. Let h = 3015 - 3009. What is c(h)?
-4
Let n(g) = g**3 + 5*g**2 + 3*g - 4. Let k(i) = -2*i**3 + i**2 - 5. Let z = 2 + -2. Let h be k(z). Let s(b) = -b**2 - 6*b - 9. Let d be s(h). Calculate n(d).
0
Let o = -5856 + 5866. Let y(p) = 6*p + 16. Give y(o).
76
Let u be -6 - 6/(-3*(-4)/(-24) - 1). Let f(o) = -24*o - 39. Give f(u).
9
Let w = -6872 + 6865. Let j(i) = -i**2 - 7*i + 11. Give j(w).
11
Let x(y) = 150 - 163682*y + 81848*y + 81840*y. Give x(-25).
0
Let a be 10/125 + (-16 - 3576/(-300)). Let m(p) be the second derivative of p**5/20 + 7*p**4/12 + p**3 + p**2/2 + 8*p. What is m(a)?
25
Suppose -3*q = -0*d + 4*d - 1, -5*q - 8 = -3*d. Let x(t) = -2. Let k(w) = -w**2 + 2. Let g(s) = q*k(s) - x(s). Suppose 2*c = c. What is g(c)?
0
Let n(p) = 42*p - 432. Let k(f) = -f + 75. Let t(j) = 8*k(j) + n(j). Calculate t(-5).
-2
Let p(r) = r**2 + 5*r. Let j = -40 + 95. Suppose 2*t = 10, i + 0*t - j = -4*t. Suppose 4*v - 2*x = -28, 2*x - i = 5*v - 1. Calculate p(v).
6
Let t(r) = 13*r - 161. Let p(k) = 8*k - 102. Let z(c) = -8*p(c) + 5*t(c). What is z(18)?
29
Let h(s) be the second derivative of s**2 - 5/12*s**4 - 1/6*s**3 + 0 + 161*s. What is h(1)?
-4
Suppose -3*v + 23 = 4*f, 5*f + 4*v - 28 = f. Suppose -f*y - 5 = -29*w + 24*w, -4*w - 13 = -5*y. Let d(z) = -z**3 + 3*z**2 + 4*z - 1. Give d(w).
11
Let z(j) = 8*j + 16. Suppose -24 = -5*v + v + 4*t, 22 = 3*v - 5*t. Determine z(v).
48
Let k(c) be the first derivative of -c**2 - 17*c - 6548. Give k(-10).
3
Suppose -7 = 4*z - 3*z. Suppose 3*c + 4*t = -10, -7*t = -c - 5*t + 10. Let v(q) = 3*q**2 - 5*q**c + 1 - 2*q + q**2 - 5*q - 7. Calculate v(z).
-6
Let k(n) = 51 - 1862*n - 1844*n + 3680*n + 2*n**2. Calculate k(2).
7
Let r(t) = t**2 + 20*t - 20. Let v be r(1). Let s(c) be the third derivative of 7*c**5/30 + c**4/12 - c**3/6 - c**2. What is s(v)?
15
Let r(g) = g**3 - 8*g**2 + 5*g + 11. Let b be (-413)/(-42) + -4 + 56/336. Determine r(b).
-31
Let k(t) be the third derivative of t**6/120 + t**5/12 + t**4/12 - t**3/6 - 104*t**2. Let a be k(-4). Let f(q) = -q - 1. Determine f(a).
-8
Let v(p) be the second derivative of 13*p + 0 + 13/2*p**2 + 1/6*p**3. Calculate v(-19).
-6
Let k(c) be the third derivative of -c**5/60 - c**4/8 + 4*c**3 + 1168*c**2 - 2. Give k(4).
-4
Let m(o) = o**3 + 2*o**2 - 5. Let y be m(0). Let a be ((-516)/120 - 4/y)*-2. Let z(x) = a*x**2 + x**3 - 16*x**2 + x**2 + 7*x + 8. Calculate z(7).
8
Let n(s) = 3*s**3 - 3*s**2 - 8*s + 1. Let c(a) = -3*a + a**3 + 2*a - 121 + 119. Let t(m) = -2*c(m) + n(m). What is t(4)?
-3
Let t(y) be the third derivative of -y**5/60 - y**4/6 - 5*y**3/3 - 12*y**2 + 1. Give t(-4).
-10
Let x(q) = 13*q**2 + 17*q**3 + 22*q**3 + 567 + 4*q - 40*q**3 - 618. Give x(13).
1
Let h(d) = d**3 - 7*d**2 + 12*d + 1. Let g = -18415 - -18420. Calculate h(g).
11
Suppose 3*l - 14*f = -19*f - 2, -l + 10 = 3*f. Let i(v) = -v**2 - 6*v + 15. Calculate i(l).
-97
Let x(p) = p**3 + 10*p**2 - 16*p - 26. Suppose -17 = r + 50*o - 52*o, -4*r = -3*o + 53. Determine x(r).
29
Let a(j) be the third derivative of 7*j**4/12 - 5*j**3 - 7259*j**2. Give a(6).
54
Let f(x) be the second derivative of x**5/20 - 3*x**4/4 - 5*x**3/3 - 11*x**2/2 + 1441*x. What is f(10)?
-11
Let r(b) = -b**2 + b + 3. Suppose 0 = -2*i + 82 - 4. Suppose 0 = -i*u + 47*u - 16. Calculate r(u).
1
Let q(u) = -7*u**3 + 2. Suppose -13*t = i - 115, 6*i + t - 3 = 3*i. What is q(i)?
58
Let u = -48 - -53. Suppose w = -4*y + 7, -u*y + 0*w + 5 = 2*w. Let s be 1 - 3 - y - -2. Let c(z) = z**3 + 2*z**2 - z - 4. Give c(s).
-10
Let i(l) be the first derivative of 3*l**2/2 + 29*l - 2321. What is i(7)?
50
Let l(n) = -213*n - 2977. Let d be l(-14). Let x(z) be the third derivative of 0 - 5/24*z**4 - 1/60*z**d + 0*z + 8*z**2 + 4/3*z**3. Calculate x(-7).
-6
Let f(t) = -t**3 - t**2 - t - 37. Let h be (-17)/3 + 48/(-36) + 7. Give f(h).
-37
Let u(d) be the first derivative of 13 - 1/4*d**4 - 2*d**3 + 3*d**2 + 0*d. Give u(-7).
7
Let l = 2375 + -2384. Let p(w) = 2*w**2 + 16*w - 6. Calculate p(l).
12
Let r be 465/46*72/(-90) + 36/414. Let x(q) = 8*q + 53. Determine x(r).
-11
Let l(p) = p**3 - 8*p**2 - 7*p - 5. Suppose -3*u = 5*j - 212 + 9, 5*u = 4*j + 363. Let r = -62 + u. Give l(r).
13
Let r(a) be the first derivative of 80 - a - 5/2*a**2. Calculate r(1).
-6
Let y(a) = 7*a - 189. Let m = 45266 + -45238. Calculate y(m).
7
Let l(d) = -d**3 + 6*d**2 + 10*d + 7. Suppose 29*p - 12122 = -11919. What is l(p)?
28
Let i(v) = -v**2 + 13*v - 2. Let d be (3 - -3)/(-160 + 161). What is i(d)?
40
Suppose 10*p = 6*p - 8. Let a = 14 + -5. Let w(g) = 16*g**3 - 3*g**2 + 2*g + 2. Let z(m) = 64*m**3 - 13*m**2 + 9*m + 9. Let b(n) = a*w(n) + p*z(n). Give b(1).
15
Let i(p) be the second derivative of p**4/12 - 4*p**3/3 - 11*p**2 - 70*p. Determine i(7).
-29
Let f(t) be the first derivative of 38*t + 0*t**2 - 26 - 1/6*t**3. Let g(w) be the first derivative of f(w). What is g(1)?
-1
Let i(l) = -2*l**2 + 9*l**3 - l**3 + 2 - 2*l**3. Suppose 0 = 4*n + 2*k + 8, k + 9 = 340*n - 337*n. Give i(n).
6
Let c(w) be the second derivative of -61*w - 5/6*w**4 + 1/20*w**5 + 0 - 5/3*w**3 - 6*w**2. Determine c(11).
-1
Let a(h) = -159*h - 955. Let x be a(-6). Let u(q) = 15*q + 5. Calculate u(x).
-10
Let b = 16 + -47. Let v = b + 44. Suppose v*h - h = 84. Let g(y) = -2*y + 4. Calculate g(h).
-10
Let u(m) = -m**3 + 5*m**2 + 6*m + 1. Let a = -279 - -439. Let f(s) = s**2 - 7*s - 10. Let k be f(6). Let b be (a/(-6))/(-4) + k/24. Calculate u(b).
1
Let w(f) = 9*f - 4. Let j be w(0). Let c(a) = -a + 1. Let x(q) = -q. Let r(b) = 7*b - 6. Let m(n) = r(n) + 3*x(n). Let o(y) = 5*c(y) + m(y). What is o(j)?
3
Let f(y) = 2*y + 9. Let u(d) = d - 1. Let g(t) = -f(t) - 2*u(t). Let r(a) = -21*a + 90. Let z be r(4). Suppose z*w = -26 - 10. What is g(w)?
17
Suppose 6*k - 10 + 40 = 0. Let r(i) = 3840 - 3845 + 2*i**3 - i**3 + 5*i**2. Give r(k).
-5
Let f be (2*(-3)/(-2))/(687/3664). Let g(q) = 